62 = -2*d. What is the remainder when d is divided by k?
9
Let v = 1 + 0. Let h = 5 - v. Suppose 0 = l - h*l + 78. Calculate the remainder when l is divided by 14.
12
Let g = -26 - -32. Calculate the remainder when g is divided by 4.
2
Let y = 10 + -7. What is the remainder when y/(-1) + 65*1 is divided by 13?
10
Let y be 48/(-9)*9/(-2). What is the remainder when (392/y)/((-1)/(-3)) is divided by (28/(-6) - 1)*-3?
15
Suppose -4*n = -40 - 40. Let p(b) = -b**3 - 2*b**2 + 8*b + 7. Calculate the remainder when n is divided by p(-4).
6
Suppose -5*q + 102 = -2*l, 2*q = -0*q - 2*l + 38. What is the remainder when 34 is divided by ((-24)/(-20))/(2/q)?
10
Let j(q) = 6*q**2 + 3*q - 2. What is the remainder when j(3) is divided by 32?
29
Let t(w) = 34*w**2. Let c(f) = 4*f**3 + 2*f**2 + 2. Let b be c(-2). Let k = -10 - b. Calculate the remainder when t(1) is divided by k.
10
Let j = 5 + 14. Suppose 26 + j = 5*m. What is the remainder when 26 is divided by m?
8
Let l be (-8)/16 - (-25)/2. Let w = 2 + l. What is the remainder when 53 is divided by w?
11
Let t be (7 + 1)*11/22. Suppose 3*b - 2 = 2*r, -t*b - 13 = 2*r - 39. What is the remainder when 6 is divided by b?
2
Suppose g = -3 + 6. What is the remainder when (1 + g + -2)/2 is divided by 1?
0
Let p = -29 - -19. What is the remainder when 41 is divided by (-621)/(-45) - 2/p?
13
Suppose g + 24 = 5*g. Suppose 0 = -0*m + 5*m - 85. Calculate the remainder when m is divided by g.
5
Let z be 1/2 + 2/(-4). Calculate the remainder when 20 is divided by (2 + z)*(-35)/(-10).
6
Let u(d) = -2*d - 5. What is the remainder when 20 is divided by u(-8)?
9
Let x = -20 - -23. Suppose -5*r = -x*k + 55, -r = k + r. What is the remainder when 19 is divided by k?
9
Let j(x) = -3*x - 3 - 6 + 3. Calculate the remainder when 17 is divided by j(-5).
8
Let z(s) = s**3 + 8*s**2 - s + 6. Calculate the remainder when 24 is divided by z(-8).
10
Suppose -4*f + 5*k + 27 = 0, -4*f = k - 9 - 0. Suppose -f*a + a = -4. Let b = a - -24. Calculate the remainder when b is divided by 9.
8
Let n(i) = 16*i**3 - 2*i**2 - i + 2. Calculate the remainder when 44 is divided by n(1).
14
Suppose 2*g + 2*g = 3*o - 3, -o = -3*g + 4. What is the remainder when 3 is divided by g?
0
Let q be 13 - (0/3)/(-3). Suppose 2*a - 6 = 4. What is the remainder when q - 2 - (-1 - 2) is divided by a?
4
Let v(p) = -p + 40. What is the remainder when v(21) is divided by 4?
3
Suppose -21*f - 48 = -27*f. What is the remainder when 18 is divided by f?
2
Suppose m - 3 = -0. Let i(x) = 4*x - 3. What is the remainder when 17 is divided by i(m)?
8
Let k = -11 + 14. Calculate the remainder when 5 is divided by k.
2
Let a(m) be the first derivative of -2*m**2 - 13*m - 6. Calculate the remainder when 42 is divided by a(-6).
9
Suppose -3*x = 14 + 13. What is the remainder when (x + 1 - -3)*-23 is divided by 29?
28
Suppose 3*c - c = 42. What is the remainder when 19 is divided by ((-28)/c)/((-4)/30)?
9
Suppose 3*i = -0*l - 3*l - 36, 6 = -3*i. Let w = 42 + l. Suppose -2*y = -n - 7*y + 2, n - 23 = 2*y. What is the remainder when w is divided by n?
15
Suppose -17 - 7 = -2*z. Suppose 43 + z = 5*b. What is the remainder when 32 is divided by b?
10
Suppose 0 = 3*v - 2*v - d + 1, -d - 11 = 2*v. Calculate the remainder when v/(-14) + 1880/35 is divided by 14.
12
Let r(b) = -9*b**3 + b. Calculate the remainder when 66*(3 - (-16)/(-6)) is divided by r(-1).
6
Let x = -24 + 41. Calculate the remainder when 48 is divided by x.
14
Suppose 8 + 19 = 3*n. Let l = n + -3. Calculate the remainder when (-15 - (-6)/(-3))/(-1) is divided by l.
5
Let x be 1 + 1 - 2*-1. Suppose -x*h + 5*w = 2, -8 = 5*h - 4*h - 5*w. Suppose h*q + 0*q - 10 = 0. What is the remainder when q is divided by 3?
2
Let y = -96 - -113. Suppose 21 = 3*u + 3*f - 6, -2*f = 3*u - 23. What is the remainder when y is divided by u?
2
Suppose -6*y + 10*y - 40 = 0. What is the remainder when 36 is divided by y?
6
Suppose 18 = 3*z - 27. What is the remainder when z is divided by 2/4*(19 + -3)?
7
Let b = 39 - 28. Suppose 4*r = -3 + b. Calculate the remainder when (9/(-3))/(0 + -1) is divided by r.
1
Let b(v) = -6*v + 10*v**2 + v**2 - v**3 - 6 - 4. Let o(c) = -c**3 - 9*c**2 - 9*c + 2. Let q be o(-8). What is the remainder when b(q) is divided by 16?
14
Let f = -101 - -142. What is the remainder when 162 is divided by f?
39
Suppose -l = g - 1, -3*g + 2*l = -4 - 14. Suppose -5*a + 12 = -g*a. Calculate the remainder when a is divided by 5.
2
Suppose 5*v - s = -3*s + 20, v + 2*s = -4. Let c(g) = g**2 - 4*g - 8. What is the remainder when c(v) is divided by 3?
1
Let s(w) = -3*w + 26. Let b(t) = 13*t - 103. Let a(l) = 2*b(l) + 9*s(l). Calculate the remainder when a(0) is divided by 10.
8
Suppose -5*g + 6 = -6*z + 4*z, 0 = z - 2. Suppose 22 = 5*o - 3. Suppose -3*y - o*v = y - 5, -2*y + g*v = -16. What is the remainder when 18 is divided by y?
3
Suppose 10*w = 5*w. Suppose w = p - 5 + 23. Calculate the remainder when p/(-4) + 1/(-2) is divided by 3.
1
Let o = -43 - -92. What is the remainder when o is divided by 616/24 - (-2)/6?
23
Let r(p) = -4*p + 4. Let l be r(4). What is the remainder when 30 is divided by 4/2*(-66)/l?
8
Suppose 10 = -2*n + 54. Let l = 72 + -31. What is the remainder when l is divided by n?
19
Suppose 5*m - 354 = 46. Calculate the remainder when m is divided by 17.
12
Suppose 3*p = -p + 3*v + 32, 5*p + 5*v = 5. What is the remainder when p is divided by 1 - (2 - 1)*-2?
2
Calculate the remainder when 2/(6/63) - (2 + 2) is divided by 7.
3
Let f be 1 + (3 - (-4)/(-4)). Suppose f*w + 3*x = 78, 5*w + x + 0*x = 118. What is the remainder when w is divided by 6?
5
Suppose -2*s + 12 = -0*s. Suppose 2*y + 4*n = -1 - 9, n = -2*y + 2. What is the remainder when s is divided by y?
0
Suppose 16*u - 826 = 2*u. Calculate the remainder when u is divided by 22.
15
Let x(c) = c + 4. Let a be x(-5). What is the remainder when (-38)/2*(0 + a) is divided by 7?
5
Suppose 4*c - 8 = 24. Suppose -4*n + c*n = 56. Calculate the remainder when n is divided by 8.
6
Let f = 18 - -9. Calculate the remainder when f is divided by 15.
12
Suppose 4*z - 6 = z. Let r(w) = -2*w. Let p be r(-2). Suppose -z*d - 3 - 5 = -p*h, 10 = 5*h + 3*d. Calculate the remainder when 3 is divided by h.
1
Suppose -v + 5*x = -43, 3*x - 183 = -4*v - 57. Suppose 2*q - 81 = -5*k, q = 3*k - 3*q - v. Calculate the remainder when 42 is divided by k.
12
Let k = 0 + 14. What is the remainder when k is divided by 9?
5
Let i(p) = -p**2 + 14*p - 5. What is the remainder when i(4) is divided by 12?
11
Let z(a) = -a**3 - a**2 + 2*a - 3. Suppose -5*r - 37 = 11*m - 13*m, 14 = m + 2*r. What is the remainder when m is divided by z(-3)?
7
What is the remainder when 20 is divided by 8 + -3 + 3 + -1?
6
Let h(f) = 2 + 3*f**2 + 2 - f - 5. What is the remainder when 24 is divided by h(2)?
6
Suppose 0 = 2*m - 2 - 12. Suppose 2*s + 3*q = -3*s + 9, -2*q + 8 = 4*s. Let u = s - -1. Calculate the remainder when m is divided by u.
3
Suppose -r + 888 = 3*r. Suppose -5*h - 62 = -r. Let v(x) = -6*x - 1. Calculate the remainder when h is divided by v(-2).
10
Suppose -47 + 87 = 5*t. What is the remainder when 43 is divided by t?
3
Let h be (1 - 1)/(2 + 1). Suppose -23 + h = -r. What is the remainder when r is divided by 8?
7
Let y = -9 - -21. What is the remainder when 45 is divided by y?
9
Let u(d) = -20*d**3 + d**2 + d + 1. What is the remainder when 81 is divided by u(-1)?
18
Let r = -11 - -22. Let q = 12 - 6. What is the remainder when r is divided by q?
5
Let x(g) = -g**2 - 2. Let h be x(0). What is the remainder when 2/3*(-114)/(-4) is divided by -1 + h + 1 + 9?
5
Suppose 0 = -2*y + 6*q - q + 4, q + 20 = 2*y. What is the remainder when 69 is divided by y?
9
Let d(b) = -b**3 - 7*b**2 + 3*b - 5. Let l be d(-7). Let k = l + 40. Let m = -6 + k. Calculate the remainder when 22 is divided by m.
6
Let o = -257 + 174. Let n = -34 - o. Suppose -2*w - 58 = -4*i, -w - 66 - 14 = -5*i. Calculate the remainder when n is divided by i.
15
Suppose -3*g + y + 221 = 0, g - 87 = 3*y - 6*y. Let u = -54 + g. Calculate the remainder when 41 is divided by u.
20
Let k be (3/2)/(3/6). Let t = k + -1. Suppose 7*w - 12 = 4*w. Calculate the remainder when w is divided by t.
0
Let s be ((-1)/2)/((-1)/(-10)). Let c = s - -11. What is the re